4?
8
What is the highest common divisor of 20 and 290?
10
Calculate the greatest common factor of 801 and 54.
9
Calculate the highest common factor of 2865 and 15.
15
Calculate the highest common factor of 34 and 714.
34
What is the highest common divisor of 504 and 63?
63
What is the highest common divisor of 4947 and 3201?
291
Calculate the highest common factor of 261 and 725.
29
Calculate the greatest common divisor of 3 and 1293.
3
What is the highest common divisor of 13 and 169?
13
What is the highest common divisor of 52 and 2236?
52
What is the greatest common factor of 105 and 735?
105
What is the greatest common factor of 63 and 11655?
63
What is the highest common factor of 12 and 39?
3
Calculate the greatest common divisor of 7 and 1561.
7
Calculate the greatest common divisor of 135 and 2565.
135
Calculate the highest common factor of 9 and 21.
3
What is the greatest common divisor of 7884 and 1168?
292
What is the greatest common factor of 21 and 9?
3
What is the highest common factor of 1080 and 2424?
24
What is the highest common factor of 285 and 110?
5
Calculate the greatest common factor of 66 and 88.
22
Calculate the greatest common factor of 19422 and 234.
234
Calculate the highest common factor of 154 and 11.
11
What is the greatest common divisor of 633 and 3?
3
What is the highest common divisor of 175 and 25?
25
What is the greatest common divisor of 2046 and 3534?
186
Calculate the highest common divisor of 57 and 931.
19
Calculate the highest common divisor of 330 and 935.
55
What is the highest common factor of 14 and 2464?
14
Calculate the greatest common divisor of 1 and 29.
1
Calculate the highest common divisor of 14760 and 1080.
360
What is the greatest common divisor of 370 and 1998?
74
What is the highest common factor of 154 and 28?
14
Calculate the greatest common factor of 660 and 240.
60
Calculate the highest common factor of 105 and 25.
5
Calculate the greatest common factor of 69 and 3.
3
Calculate the greatest common factor of 33 and 528.
33
What is the highest common factor of 112 and 35?
7
What is the greatest common divisor of 300 and 96?
12
Calculate the greatest common factor of 17 and 527.
17
Calculate the greatest common divisor of 33 and 759.
33
What is the greatest common divisor of 4614 and 30?
6
Calculate the highest common divisor of 341 and 11.
11
Calculate the greatest common factor of 25 and 925.
25
Calculate the greatest common factor of 51 and 26112.
51
What is the highest common divisor of 63 and 7?
7
Calculate the greatest common factor of 1805 and 570.
95
Calculate the greatest common factor of 140 and 112.
28
What is the greatest common factor of 23503 and 19?
19
What is the greatest common divisor of 22 and 143?
11
Calculate the highest common factor of 186 and 2480.
62
Calculate the highest common factor of 22015 and 85.
85
Calculate the greatest common factor of 236 and 413.
59
What is the greatest common divisor of 2 and 4412?
2
What is the highest common divisor of 141 and 188?
47
Calculate the highest common divisor of 30 and 70.
10
What is the highest common factor of 10233 and 27?
27
What is the greatest common factor of 639 and 5538?
213
Calculate the greatest common divisor of 12 and 444.
12
Calculate the greatest common divisor of 38 and 1178.
38
What is the greatest common factor of 280 and 35?
35
Calculate the greatest common divisor of 28 and 1449.
7
Calculate the greatest common factor of 75 and 1325.
25
What is the greatest common factor of 2899 and 143?
13
Calculate the greatest common factor of 770 and 1190.
70
Calculate the greatest common factor of 86 and 43.
43
Calculate the greatest common divisor of 2233 and 154.
77
Calculate the highest common factor of 80 and 240.
80
Calculate the highest common divisor of 374 and 68.
34
Calculate the highest common divisor of 4070 and 990.
110
Calculate the highest common factor of 216 and 513.
27
Calculate the highest common factor of 3839 and 22.
11
Calculate the highest common divisor of 141 and 1269.
141
Calculate the highest common divisor of 31 and 713.
31
Calculate the highest common divisor of 290 and 58.
58
Calculate the highest common divisor of 240 and 624.
48
Calculate the highest common divisor of 65 and 143.
13
Calculate the greatest common divisor of 135 and 549.
9
Calculate the greatest common factor of 5082 and 42.
42
What is the greatest common factor of 119 and 136?
17
Calculate the highest common factor of 45 and 2390.
5
Calculate the greatest common divisor of 30 and 45.
15
Calculate the greatest common divisor of 4 and 2614.
2
What is the greatest common factor of 4205 and 290?
145
What is the highest common factor of 106 and 13356?
106
What is the highest common factor of 496 and 155?
31
What is the greatest common factor of 39 and 169?
13
Calculate the greatest common factor of 41 and 410.
41
Calculate the highest common divisor of 36 and 42.
6
Calculate the highest common factor of 36 and 108.
36
Calculate the highest common factor of 37 and 111.
37
Calculate the greatest common factor of 2 and 13.
1
What is the greatest common factor of 655 and 5?
5
Calculate the highest common factor of 4920 and 200.
40
What is the highest common divisor of 4048 and 88?
88
Calculate the greatest common divisor of 682 and 22.
22
Calculate the highest common factor of 1179 and 655.
131
What is the highest common factor of 17205 and 93?
93
Calculate the greatest common factor of 100 and 1600.
100
What is the greatest common factor of 44 and 2750?
22
Calculate the greatest common factor of 144 and 54.
18
Calculate the highest common divisor of 9725 and 50.
25
What is the greatest common divisor of 93 and 2449?
31
What is the highest common divisor of 3 and 8?
1
Calculate the highest common divisor of 246 and 474.
6
What is the highest common divisor of 205 and 328?
41
Calculate the greatest common divisor of 13 and 520.
13
Calculate the greatest common divisor of 23714 and 334.
334
What is the greatest common factor of 22 and 2651?
11
Calculate the highest common factor of 242 and 5687.
121
What is the greatest common factor of 216 and 4023?
27
Calculate the highest common divisor of 288 and 416.
32
What is the greatest common factor of 95 and 456?
19
Calculate the greatest common factor of 3625 and 150.
25
Calculate the greatest common divisor of 54 and 1377.
27
Calculate the greatest common divisor of 804 and 36.
12
Calculate the greatest common factor of 384 and 6.
6
What is the greatest common divisor of 7756 and 56?
28
What is the greatest common divisor of 130 and 39?
13
What is the greatest common divisor of 5497 and 46?
23
Calculate the highest common factor of 3729 and 33.
33
Calculate the greatest common factor of 40 and 790.
10
Calculate the highest common factor of 12 and 6932.
4
What is the greatest common factor of 408 and 1368?
24
Calculate the greatest common factor of 1911 and 2457.
273
Calculate the highest common factor of 144 and 184.
8
Calculate the greatest common divisor of 16 and 304.
16
What is the greatest common factor of 140 and 104?
4
Calculate the greatest common factor of 1090 and 10.
10
What is the highest common factor of 3969 and 162?
81
What is the greatest common factor of 102 and 238?
34
What is the greatest common divisor of 2491 and 94?
47
What is the greatest common factor of 49 and 3283?
49
What is the highest common factor of 52 and 494?
26
Calculate the greatest common factor of 120 and 1875.
15
Calculate the highest common divisor of 24 and 8880.
24
What is the highest common divisor of 42 and 273?
21
What is the highest common divisor of 608 and 76?
76
Calculate the greatest common divisor of 2077 and 155.
31
What is the greatest common factor of 1462 and 86?
86
What is the greatest common divisor of 13 and 403?
13
What is the greatest common factor of 1075 and 450?
25
What is the highest common divisor of 192 and 60?
12
Calculate the greatest common factor of 494 and 26.
26
Calculate the greatest common divisor of 255 and 68.
17
Calculate the highest common divisor of 51 and 374.
17
Calculate the greatest common factor of 3956 and 92.
92
Calculate the greatest common factor of 254 and 51689.
127
Calculate the greatest common divisor of 224 and 96.
32
What is the gre